-90)/n + (43771/3 - -1) a composite number?
False
Let t = 35 + -39. Is (47356/(-12) + t)*(2 - 5) composite?
True
Let z(a) = 8*a**3 - a**2 - 4*a - 1. Let k(n) = -2*n**2 - 42*n - 40. Let y be k(-19). Let b = y - 32. Is z(b) a composite number?
False
Suppose 54*m - 11245378 - 420234 = -1372834. Is m a prime number?
True
Let o(g) = 4*g - 31. Let x(q) = q**2 - 2*q + 9. Let t be x(0). Let z be o(t). Suppose 0 = -k + 2*a + 3197, -4*k + 2*a = z*a - 12821. Is k a prime number?
True
Let x(h) = -5*h + 50. Let g be x(9). Suppose -5*u + 190 = -5*l, u - g*l = -0*u + 54. Is u a prime number?
False
Suppose -7*k - 21545 = -5*x + 1501444, x = -2*k + 304591. Is x a prime number?
False
Let d = 849 - 807. Is (d + -3)/((-12)/(-8)) a composite number?
True
Is 110636625/550 - (4/10)/(4/5) composite?
True
Let f(d) = 2029*d - 50. Let b be f(8). Suppose -2*k - b = -44176. Is k a composite number?
False
Let m = 133249 + 19794. Is m composite?
True
Let c be (-1)/(6/30)*-5. Suppose c*a - 34625 = -0*a. Is a prime?
False
Let d be (4 + -5 - 4)/(2/6). Let s = d - -21. Suppose -3453 = -9*a + s*a. Is a prime?
True
Suppose -31*t + 4716284 + 1842603 = 0. Is t composite?
True
Let l(g) be the first derivative of 464*g**3/3 + 17*g**2/2 - 49*g + 76. Is l(6) composite?
True
Let b(f) = 5*f + 112. Let j be b(-22). Suppose 2*o - 5*w = 2742, o - j*o + 5*w = -1381. Is o a composite number?
False
Let y(q) = 2*q**2 - 9*q. Let b be y(4). Let o(w) = 830*w**2 + 6*w + 1. Let j be o(b). Suppose -t = 8*t - j. Is t composite?
True
Is ((-193357)/(-3)*-1)/((-19)/399*7) composite?
False
Is (((-2867501)/(-65))/7)/(1/5) a composite number?
False
Let c be (-8580)/24 + 9/6 + -1. Suppose -8*s + 489 = -11*s. Let a = s - c. Is a a prime number?
False
Let u = -24191 - -66951. Suppose -q + 4*x = -10671, 0 = -4*q + 7*x - 10*x + u. Is q prime?
True
Let o = -1651566 + 2476757. Is o prime?
True
Suppose -5*r = -5*h - 97780, 0 = r - 2*h - 23532 + 3979. Is r a prime number?
True
Suppose i = 3, -z - 2*z = -5*i + 3. Suppose -4*g = 2*p - 152 + 3216, z*g + 3060 = -p. Let n = 1335 + g. Is n prime?
True
Let b be (1/4*10)/((-2)/(-600)). Let o = -350 + b. Suppose o = -2*j + 3354. Is j a composite number?
True
Is ((-21)/35 - (4 - 39/15))*-533317 a composite number?
True
Let t(n) = 66732*n - 11. Is t(12) a prime number?
True
Let v = -1 - -13. Let s be (-148)/(-18) - v/54. Suppose s*b = 11*b - 249. Is b prime?
True
Suppose -5*l + 64 - 59 = 0. Is l + (1 + 5359)/5 composite?
True
Let r = 126 + 130. Let g be r/(-10) - 6/(-10). Is (-10)/g + (-1104)/(-15) composite?
True
Let s(y) = -y**2 + 26*y - 64. Let k be s(23). Suppose -4*j + 2701 = 3*o, 4*o - 107 = -k*j + 3496. Is o composite?
False
Suppose 5*i + 15 = -2*l, 0 = 4*l - 6*l - 4*i - 10. Suppose 5 = l*d - 2*c + 4*c, 0 = 3*c. Is -1424*d/(-1) - (-9)/(-9) prime?
True
Let h be (-174)/(-4 - (-164)/42). Suppose -6287 = 5*c - h. Let w = c + 1565. Is w a composite number?
False
Let a(p) be the first derivative of 7*p**3/3 - 13*p**2/2 + 2*p - 10. Let z(t) = 6*t**2 - 13*t + 1. Let b(i) = -4*a(i) + 5*z(i). Is b(10) a prime number?
True
Suppose 36257 - 63470 = -11*k + 60710. Is k a composite number?
False
Suppose -307*v - 97908 = -61*v. Let t(q) = q - 1. Let p be t(5). Is p + 1/(1590/v - -4) a composite number?
True
Let x = 258007 - 124254. Is x a prime number?
False
Suppose -37*t + 39*t = 8. Let h(a) = 210*a**3 + 6*a**2 - 14*a + 43. Is h(t) prime?
True
Is (2 + 66472)/2 - (372 + -362) prime?
False
Suppose v - 6*v = 0. Let j(f) = -3*f**2 - f + 214. Let b(s) = 2*s**2 + s - 213. Let k(m) = -5*b(m) - 4*j(m). Is k(v) a composite number?
True
Let c be 6/(-16) - ((-19683)/(-24))/(-27). Suppose 0 = 31*h - c*h - 1909. Is h a prime number?
False
Suppose -5*o + 3 = -x, -5*x = -8*x + 2*o + 4. Let p be 32848/72 + ((-16)/(-9) - x). Let i = 1199 - p. Is i prime?
True
Let v = 32797 + -16874. Is v a prime number?
True
Let d(l) = l**2 - l + 158. Let p(a) = -5 + 0*a**2 - a**3 + 9*a + 4*a**2 - 3*a. Let i be p(5). Is d(i) a composite number?
True
Let h be (-3 - 19)*1/2. Let j(f) = f**2 + 10*f - 9. Let y be j(h). Suppose -y*k + 1542 = 4*k. Is k a prime number?
True
Suppose 0 = -4*g + 5*l + 5481665, 541*l - 538*l + 4111242 = 3*g. Is g a prime number?
False
Let h(f) = f - 2. Let r be h(-19). Let y be (-2)/(-7) + 27/r - 2. Is 211*-3*y/9 prime?
True
Let j(u) = -13*u - 204. Let w be j(-16). Suppose -4*c - w*b = -15064, 36*b = -4*c + 41*b + 15037. Is c a prime number?
False
Let r = -59223 + 306364. Is r a composite number?
False
Is 237554 - 1/(112/(-36) - -3) prime?
True
Suppose z = -27*c + 28*c - 255855, -5*z = c - 255867. Is c a composite number?
True
Suppose 0 = -5*u + 35, -72*p + 70*p = u - 1469081. Is p prime?
True
Let v(d) be the first derivative of 4*d**3/3 + 8*d**2 + 81*d - 5. Is v(16) a prime number?
True
Let l = -255590 - -444967. Is l composite?
False
Suppose 0 = 5*t - 38*w + 41*w - 50035, 2*t - 2*w = 20014. Is t prime?
True
Let x be (-2 + 3)*3/((-6)/(-10)). Suppose 10*p = x*p + 1020. Suppose -2265 = -207*a + p*a. Is a composite?
True
Suppose 0 = 4*h + 3*o - 175, 3*h - 20 = -2*o + 110. Suppose 4*l = 2*i + 218 + h, i = -4*l + 255. Let p = 99 + l. Is p a prime number?
True
Suppose 679933 = 5*y - 4*x, -4*y - 15*x + 17*x = -543944. Is y a composite number?
True
Suppose 0 = 5*z + 40*z - 1538235. Is z a composite number?
False
Is 4 + (1 - (13 + -16)) + 631*134 composite?
True
Let h(q) = -528*q**3 - q**2 - 5*q + 8. Let d be h(2). Let a = -287 - d. Is a prime?
True
Let t be (2 + -522)/((-5)/30*-3). Let m = 209 - t. Is m prime?
True
Suppose -32*h - 637660 = -1325934 - 2405070. Is h a composite number?
False
Let y(p) = -p - 9. Let q be y(-9). Suppose 4*o + r = o + 9, 3*o - 4*r + 6 = 0. Suppose -o*m + m + 158 = q. Is m composite?
True
Let z = 146 - 152. Is (6 - 2) + -2 + (-5646)/z prime?
False
Let i(p) = p**2 - p - 14. Let y be i(-5). Suppose -y = r + r - 5*q, 2 = -r + q. Is 1909/2 + r/4 composite?
True
Suppose 14008 = -17*z + 13*z + 161340. Is z a composite number?
False
Suppose -7 = -24*y + 41. Suppose -y*h - k = -6*h + 17430, -4*h - k + 17426 = 0. Is h composite?
False
Let p(f) = -545*f**3 - f**2 - 201*f - 1042. Is p(-5) prime?
False
Let i = -503528 + 868015. Is i a composite number?
True
Suppose 14771 = -11*k - 96087. Let r = k - -19229. Is r prime?
True
Let m = -86 - -1186. Let i = -291 - 178. Let a = i + m. Is a a prime number?
True
Suppose -4*n + 9*n = 2*y + 8, -5*n - 2*y = 8. Suppose 6*x - 4954 + 1120 = n. Suppose 2*g - x = -l, 2*l - 6*l = 3*g - 961. Is g a prime number?
False
Let f(z) = -259877*z - 8650. Is f(-15) composite?
True
Let d be 19/(-38) - (-525)/2. Suppose -4*t + 1197 = 5*x - d, -x - 2*t + 287 = 0. Is x composite?
True
Let f be (60184/(-24))/((-1)/3). Let g = f - 1378. Is g a composite number?
True
Let i = 101620 - -33178. Is i composite?
True
Is (-1 + 4)*494945/33 prime?
False
Let s(f) = 411*f - 3. Let b be s(2). Let p = 2429 + -1069. Let y = p - b. Is y a prime number?
True
Suppose 21*s - 5*s - 80 = 0. Suppose s*y = 5*g - 36210, -y - 135 + 29128 = 4*g. Is g a composite number?
False
Suppose -y + 4*y + 18 = 0. Let l be (-6)/1*(14/y)/7. Suppose -4*i = l*h - 6*i - 298, -4*h = 2*i - 596. Is h a composite number?
False
Let m(h) = -3*h**3 + 6*h + 5. Let o be m(-1). Suppose o*c + 3*s = s + 860, 4*c + s = 1705. Suppose 171 = -q + c. Is q a composite number?
True
Suppose 0 = 9*t - 5*t - 24. Suppose -t*c + 2852 = -2482. Is c a prime number?
False
Let g = 25176 - 16033. Is g a prime number?
False
Let k = -15 + 20. Suppose 0 = 7*r - k*r + 10. Let d(y) = 43*y**2 - 12*y - 26. Is d(r) prime?
True
Suppose 0 = 13*y - 15*y + 24. Suppose 16*u - y*u = 48. Let i(d) = -d**3 + 14*d**2 - 15*d - 29. Is i(u) composite?
False
Suppose 49*p - 546981 - 247652 = 0. Is p composite?
False
Suppose 40*r = -r + 410. Suppose 103955 = r*c + 40425. Is c prime?
True
Suppose -4*b = 0, -2*w - b - 784 = 2*b. Suppose 0 = -3*o + 12, -5*f - 2368 = -f + 3*o. Let k = w - f. Is k a composite number?
True
Suppose -19 = 7*s - 4*s + 4*q, 4*s - 3*q = -67. Let d(x) = -635*x - 24. Is d(s) a prime number?
True
Suppose 2*m + 6276 = 3*c, m + 1311 = 2*c - 1826. Let j = m + 5386. Is j composite?
True
Suppose -2*c + 34217 + 11036 = -8721. Is c a composite number?
False
Let x = 3910611 - 2475362. Is x a prime number?
True
Suppose 3154 = b + 5*z, 26*z = -2*